 7. What is the greatest common factor of 108 and s?
9
Let a(i) = 3*i**2 + 32*i - 9. Let p be (-132)/60*(0 + 5). Let m be a(p). Suppose -3*l + 30 = m*l. Calculate the highest common factor of l and 8.
2
Let g(m) be the second derivative of -m**5/20 + 7*m**4/12 + 35*m**3/6 - 12*m**2 - 13*m. Let o be g(10). What is the highest common divisor of 208 and o?
26
Let w = 2 + -2. Suppose 54 = -w*z + 3*z. Suppose -25*v - 864 = -41*v. Calculate the highest common factor of v and z.
18
Suppose 0 = -2*j - 84 + 292. Suppose -56*q + 282 + 446 = 0. What is the greatest common factor of j and q?
13
Let i(a) = 14*a**2 - 17 - 5*a - 4*a**2 + a**3 + 6*a**2. Let b be i(-16). Calculate the greatest common divisor of 756 and b.
63
Let q(i) = -101*i - 4. Let d be q(-2). Let m(x) = x**2 + 7*x - 16. Let j be m(2). What is the greatest common factor of j and d?
2
Suppose 0 = 4*w - 7*w + 24. Suppose 2*d - 10 = w. Suppose -20*f + 18*f = 4*o - 170, -f = 5*o - 91. What is the highest common factor of d and f?
9
Let u(v) = 89*v - 919. Let t be u(14). What is the greatest common factor of t and 6?
3
Let o be 49/7 + 503 + -10. What is the highest common factor of 600 and o?
100
Let x(v) = v**3 + 12*v**2 - 29*v - 13. Let s be x(-14). Let y be (1/(-2))/(s/6) + 159. Calculate the greatest common factor of 12 and y.
12
Let u(y) = -125*y**3 - 6*y - 5. Let s be u(-1). Calculate the highest common divisor of 13146 and s.
42
Let r = -401 - -581. Suppose -50*y + 14737 = 13737. What is the greatest common divisor of r and y?
20
Let i be 93/(-651) - (1 - (-22)/(-7)). Suppose i*q + 3 = 2*o + 71, -172 = -5*q + 4*o. Calculate the highest common divisor of 72 and q.
36
Let y(m) = m**2 + 17*m - 76. Let x be y(-21). Suppose -3*o = x*o - 33. Calculate the highest common divisor of 27 and o.
3
Let l be (-12)/84*0 + 129. What is the highest common divisor of l and 6?
3
Let n(x) = 6*x**3 - x**2 - 4*x + 3. Let z be n(2). Suppose 346 - 150 = y - 23*m, 3*m = -3*y + 12. Calculate the highest common factor of y and z.
3
Suppose d + 5*m = 6*d - 10, -4*d + 3*m = -12. Let a be (12/14)/(d/70). Calculate the greatest common divisor of a and 650.
10
Suppose 3*z - 420 = -0*z + 3*g, 2*z = -2*g + 288. Let s = z - 131. What is the highest common divisor of s and 88?
11
Let r be 4/14 + (-432)/(-56). Suppose -2*v + v - r = 0. Let m(t) = t**2 + 4*t - 2. Let c be m(v). Calculate the greatest common factor of c and 45.
15
Let x be (-24248)/(-22) + 534/(-2937). What is the greatest common divisor of x and 608?
38
Suppose k - 5*a + 55 = 17, 3*k = 3*a - 54. Let n be (448/(-140))/(4/10) + -2. Let p = n - k. What is the highest common factor of 12 and p?
3
Let x be (2343 - ((-28)/7 - 0)) + 4/2. What is the greatest common factor of 29 and x?
29
Suppose 5*l + i - 280 = 0, -3*l + 5*i + 156 = 8*i. Let j be l + 1*20/(-5). Calculate the greatest common divisor of j and 689.
53
Let s be (2/7)/(6/14)*270. Let b be (12/6)/((-2)/(-20)). Calculate the highest common divisor of s and b.
20
Let a = -15713 - -15718. What is the greatest common factor of a and 12490?
5
Let a = 155 - 87. Let w = -219 + 99. Let z = w + 137. What is the highest common divisor of a and z?
17
Let v(u) = 20*u**3 - 25*u + 23. Let i be v(1). Calculate the highest common factor of i and 2601.
9
Let d(z) = 9*z - 78. Let i be d(14). Suppose -i*y = -49*y + 54. Calculate the highest common factor of 486 and y.
54
Let j be -8 + 3448/(-5)*210/(-84). What is the greatest common factor of 220 and j?
44
Let m be (-35)/(-3) + (-6)/9. Let p = -16616 - -16693. Calculate the greatest common divisor of p and m.
11
Suppose 0 = 39*i - 14205 - 4632. What is the greatest common divisor of 667 and i?
23
Let o = 4 + -2. Suppose 2*k = 14*k - 96. Suppose -n - k*v + 13 = -6*v, -v + 24 = 3*n. What is the greatest common factor of n and o?
1
Suppose -47*h + 37443 = -13270. What is the greatest common factor of 13 and h?
13
Suppose -3*r - r + 44 = 0. Suppose 2*j - 5*q = 146, 4*j - q - 211 - 63 = 0. Let x be (-450)/(-8) + -1 - 17/j. What is the greatest common divisor of r and x?
11
Suppose 42 = 3*v - 0*v. Let h = 1 + v. Let k = -79 - -184. What is the highest common factor of k and h?
15
Suppose 3*n - 18 = -3*j, -4*n + 12 = -n + j. Suppose -5*o = -5*v + 20, n*v - 32 = -0*o - 2*o. Calculate the greatest common factor of 36 and v.
4
Suppose -330 - 778 = -4*a - 4*m, m + 5 = 0. What is the highest common divisor of a and 1551?
141
Suppose -232*a = 3*g - 230*a - 447, -729 = -5*g + 2*a. What is the greatest common factor of 28959 and g?
147
Let k be 69 - (-2 + (-2)/(-2)). Let l(d) = d**3 + 13*d**2 - 76*d - 658. Let w be l(-14). What is the greatest common divisor of w and k?
70
Let h be -12*((-2)/(-12))/((-10)/65)*117. Calculate the highest common factor of 26 and h.
13
Let j(u) = 104*u + 937. Let i be j(-9). Calculate the greatest common factor of i and 59.
1
Let i(m) = -15*m + 3. Let k be i(-7). Let q = 156 - k. Let a(w) = 2*w**3 - 5*w**2 - 5*w - 40. Let o be a(5). Calculate the highest common factor of o and q.
12
Let v be -3 + (-1 + 1)*-1. Suppose 3*o = -t, 8 = 3*o - 4. Let r = v - t. What is the greatest common factor of r and 63?
9
Suppose 23 = 4*u - 5*v, -5*u + 10*u + 5*v = 85. Suppose u*f - 33 - 27 = 0. Calculate the highest common divisor of 12 and f.
1
Suppose f - 297*b + 296*b - 92 = 0, -226 = -2*f - 4*b. Calculate the highest common divisor of 1507 and f.
11
Let y be 12*4*(-63)/(-112). Suppose -y*p - 210 = -37*p. Calculate the highest common factor of 231 and p.
21
Suppose -4*m + 16 + 24 = 0. Suppose m*r = 20*r - 170. Let j(a) = a**2 + 2*a - 12. Let b be j(8). What is the greatest common factor of b and r?
17
Suppose 3*a + 3 = 0, 0*z + 3*a = -5*z - 23. Let k be z + (15 - (-3 - -4)). Suppose 15*h - 26*h = -44. What is the highest common divisor of h and k?
2
Let c = 25 + -22. Suppose -c*h - h + 3*v = -93, -94 = -4*h + 2*v. Let w(d) = 22*d - 6. Let r be w(1). What is the highest common divisor of h and r?
8
Let b = 4058 - 3630. What is the greatest common divisor of b and 3103?
107
Let l be -8 - ((-140)/(-50))/((-6)/6660). What is the greatest common divisor of 124 and l?
124
Suppose -40*w = -42*w + 3*r + 2556, -3*r - 1275 = -w. Let s = 18 + 3. Calculate the highest common factor of w and s.
21
Let y be -2*(4 - 2/(16/92)). Suppose -154 = -y*c + 2096. Calculate the highest common divisor of 20 and c.
10
Let m be 5 + (-4)/(-20)*35. Suppose 4*z + 0*l = 2*l + 172, -3*l - 6 = 0. What is the greatest common factor of m and z?
6
Suppose -5*a + 69 - 2332 = -2*i, 4*i - 2*a - 4534 = 0. Calculate the greatest common factor of 243 and i.
81
Suppose 34523 = 72*x - 144325. Calculate the highest common divisor of 432 and x.
108
Suppose -545 - 70 = -5*z. Let y be ((-15)/75*(-1 + 247))/(-3)*5. Calculate the greatest common divisor of z and y.
41
Suppose 5*l + 7435 = 5*v, -23 = l - 32. What is the greatest common divisor of 308 and v?
44
Suppose t + 192 = 5*t. Let d(z) = 4*z - 2*z + 2 + 0*z. Let l be d(2). What is the highest common divisor of l and t?
6
Let v(k) = 668*k - 1649. Let f be v(8). Calculate the highest common factor of 5 and f.
5
Suppose -3*r + 27800 = -5*j, r + 1141*j - 9264 = 1143*j. What is the greatest common divisor of r and 870?
290
Let s(m) = 21*m**2 - 29*m + 43. Let g be s(1). What is the highest common divisor of 12845 and g?
35
Let d be ((-5 - (-48)/13) + 108/351)*-15. Let w be ((-18)/(-4))/(2/4). What is the highest common factor of w and d?
3
Let a(j) = -39*j + 68. Let v be a(7). Let h = 217 + v. What is the greatest common divisor of 132 and h?
12
Suppose -183 = -2*a - 15. Let s be (0 - (-16)/112) + 4407/21. What is the highest common divisor of a and s?
42
Let v = 29 + -53. Let x be ((v/(-30))/2)/((-3)/(-1620)). Calculate the highest common factor of 162 and x.
54
Suppose -76*k = -68*k - i - 1113, 301 = 2*k + 3*i. What is the highest common divisor of k and 6748?
28
Suppose 8*z - 11*z + 9 = 0. Let f be 1 - (-29)/(0 + 4 - z). Calculate the greatest common factor of f and 66.
6
Let m be 366/(-4) - (-13)/(182/(-21)). Let i = 108 + m. What is the highest common factor of i and 135?
15
Suppose 18 = -13*s + 44. Let c be 26 - s*(5 + -8). Calculate the greatest common factor of 88 and c.
8
Suppose 30*u - 22*u = 1232. Suppose 9*c - 12 = 3*c. Let l be c/((-4)/4)*-7. What is the 